{"id":750,"date":"2018-08-30T13:17:26","date_gmt":"2018-08-30T16:17:26","guid":{"rendered":"https:\/\/isfd1-mis.infd.edu.ar\/sitio\/capacitacion\/"},"modified":"2018-08-30T08:49:30","modified_gmt":"2018-08-30T11:49:30","slug":"capacitacion","status":"publish","type":"page","link":"https:\/\/isfd1-mis.infd.edu.ar\/sitio\/capacitacion\/","title":{"rendered":"Capacitaci\u00f3n"},"content":{"rendered":"<p style=\"text-align: center;\"><strong>1ra. Jornada de capacitaci\u00f3n destinada a los alumnos del 2do. A\u00f1o del Profesorado de Educaci\u00f3n Primaria del Instituto Superior de Formaci\u00f3n Docente.<\/strong><\/p>\n<p>&nbsp;<\/p>\n<p>El d\u00eda Martes 28 de Agosto, la <em>Direcci\u00f3n de TIC<\/em> del Ministerio de Educaci\u00f3n de la Provincia de Misiones, lanz\u00f3 la primera capacitaci\u00f3n \u201c<em><strong>Docentes Greeks 2018<\/strong><\/em>\u201d.<\/p>\n<p><em><strong>Objetivos principales:<\/strong><\/em><\/p>\n<p>&#8211; Establecer perspectivas y contenidos prioritarios sobre Educaci\u00f3n Digital, en el trayecto formativo de los institutos de formaci\u00f3n dicentes.<\/p>\n<p>&#8211; Introducir nuevas posibilidades educativas que giren en torno a la cibercultura y la inteligencia colectiva propiciando el desarrollo de habilidades y competencias que emergen de la mano de las nuevas tecnolog\u00edas de la informaci\u00f3n y comunicaci\u00f3n.<\/p>\n<p><em>Disertantes:<\/em>\u00a0 Fernanda Fontana y Enzo de Olivera<\/p>\n<p>&nbsp;<\/p>\n<p><img decoding=\"async\" loading=\"lazy\" class=\"aligncenter wp-image-817\" src=\"https:\/\/isfd1-mis.infd.edu.ar\/sitio\/wp-content\/uploads\/2018\/08\/IMG-20180829-WA0033-1-1000x750.jpg\" alt=\"\" width=\"1000\" height=\"750\" srcset=\"https:\/\/isfd1-mis.infd.edu.ar\/sitio\/wp-content\/uploads\/2018\/08\/IMG-20180829-WA0033-1-1000x750.jpg 1000w, https:\/\/isfd1-mis.infd.edu.ar\/sitio\/wp-content\/uploads\/2018\/08\/IMG-20180829-WA0033-1-768x576.jpg 768w, https:\/\/isfd1-mis.infd.edu.ar\/sitio\/wp-content\/uploads\/2018\/08\/IMG-20180829-WA0033-1.jpg 1040w\" sizes=\"(max-width: 1000px) 100vw, 1000px\" \/><\/p>\n<p>&nbsp;<\/p>\n<p><img decoding=\"async\" loading=\"lazy\" class=\"aligncenter wp-image-818\" src=\"https:\/\/isfd1-mis.infd.edu.ar\/sitio\/wp-content\/uploads\/2018\/08\/IMG-20180829-WA0034-1000x750.jpg\" alt=\"\" width=\"1000\" height=\"750\" srcset=\"https:\/\/isfd1-mis.infd.edu.ar\/sitio\/wp-content\/uploads\/2018\/08\/IMG-20180829-WA0034-1000x750.jpg 1000w, https:\/\/isfd1-mis.infd.edu.ar\/sitio\/wp-content\/uploads\/2018\/08\/IMG-20180829-WA0034-768x576.jpg 768w, https:\/\/isfd1-mis.infd.edu.ar\/sitio\/wp-content\/uploads\/2018\/08\/IMG-20180829-WA0034.jpg 1040w\" sizes=\"(max-width: 1000px) 100vw, 1000px\" \/><\/p>\n<p>&nbsp;<\/p>\n","protected":false},"excerpt":{"rendered":"<p>1ra. Jornada de capacitaci\u00f3n destinada a los alumnos del 2do. A\u00f1o del Profesorado de Educaci\u00f3n Primaria del Instituto Superior de Formaci\u00f3n Docente. &nbsp; El d\u00eda Martes 28 de Agosto, la Direcci\u00f3n de TIC del Ministerio de Educaci\u00f3n de la Provincia de Misiones, lanz\u00f3 la primera capacitaci\u00f3n \u201cDocentes Greeks 2018\u201d. Objetivos principales: &#8211; Establecer perspectivas y &#8230; <a title=\"Capacitaci\u00f3n\" class=\"read-more\" href=\"https:\/\/isfd1-mis.infd.edu.ar\/sitio\/capacitacion\/\" aria-label=\"More on Capacitaci\u00f3n\">[+]<\/a><\/p>\n","protected":false},"author":313,"featured_media":0,"parent":0,"menu_order":0,"comment_status":"closed","ping_status":"closed","template":"","meta":[],"acf":[],"_links":{"self":[{"href":"https:\/\/isfd1-mis.infd.edu.ar\/sitio\/wp-json\/wp\/v2\/pages\/750"}],"collection":[{"href":"https:\/\/isfd1-mis.infd.edu.ar\/sitio\/wp-json\/wp\/v2\/pages"}],"about":[{"href":"https:\/\/isfd1-mis.infd.edu.ar\/sitio\/wp-json\/wp\/v2\/types\/page"}],"author":[{"embeddable":true,"href":"https:\/\/isfd1-mis.infd.edu.ar\/sitio\/wp-json\/wp\/v2\/users\/313"}],"replies":[{"embeddable":true,"href":"https:\/\/isfd1-mis.infd.edu.ar\/sitio\/wp-json\/wp\/v2\/comments?post=750"}],"version-history":[{"count":1,"href":"https:\/\/isfd1-mis.infd.edu.ar\/sitio\/wp-json\/wp\/v2\/pages\/750\/revisions"}],"predecessor-version":[{"id":819,"href":"https:\/\/isfd1-mis.infd.edu.ar\/sitio\/wp-json\/wp\/v2\/pages\/750\/revisions\/819"}],"wp:attachment":[{"href":"https:\/\/isfd1-mis.infd.edu.ar\/sitio\/wp-json\/wp\/v2\/media?parent=750"}],"curies":[{"name":"wp","href":"https:\/\/api.w.org\/{rel}","templated":true}]}}